- 2*o(d). List the prime factors of a(-5).
13
Suppose 2*j - 2*i - 45 = 3*i, 0 = j + 4*i - 42. What are the prime factors of j?
2, 3, 5
Suppose -7*j + 93 = -4*j. List the prime factors of j.
31
Let b = 41 - -1. Suppose -2*w + 5*i = 2*i - b, 0 = -4*w + 5*i + 82. List the prime factors of w.
2, 3
Suppose -1069 = -7*i + 422. List the prime factors of i.
3, 71
Let s(b) = -b - 2. Let o be s(-6). Suppose 16 = 2*r - 3*d, -2*d + 4 = -o. What are the prime factors of r?
2, 7
Suppose -401 = -5*s + 299. What are the prime factors of s?
2, 5, 7
Suppose 0 = 2*x + v - 13, -x - 2*v = v - 9. Suppose -63 = 3*t - x*t. List the prime factors of t.
3, 7
Let s(y) = y**2 - 95. What are the prime factors of s(-23)?
2, 7, 31
Let q(c) = -c**3 + 15*c**2 + 18*c - 16. List the prime factors of q(15).
2, 127
Suppose -4*b + 3*b + 3*w = 5, 3*b + 3*w = 21. Suppose 5*k + b = u + 11, 14 = -2*u + k. What are the prime factors of u/14 - 7/(-2)?
3
Let h(n) = 7*n**2 + 4*n - 21. What are the prime factors of h(-6)?
3, 23
Suppose -21 = -5*g - 2*n, 2*n = -4*g - 2*n + 24. Suppose -3*u = l - 6*u - 15, -3*l + g = 5*u. List the prime factors of l.
2, 3
Let l(x) = -x**2 + 6*x + 2. Let n be (-1)/2 - (-260)/8. Suppose -2*g + n = 5*t - 0*g, -4*g = -t + 2. List the prime factors of l(t).
2
Let a(s) = 55*s**2 + 10*s. What are the prime factors of a(2)?
2, 3, 5
Suppose -5*w - 366 = -10*w - 4*x, 2*w - 4*x - 124 = 0. Suppose -w = -2*c - 3*c. List the prime factors of c.
2, 7
Let l be (-3)/(-6) - 142/(-4). Suppose -5*r + 82 = -4*g, 4*r - 4*g - 32 = l. List the prime factors of r.
2, 7
Suppose 3*a - 61 = 38. Let k = -3 + a. List the prime factors of k.
2, 3, 5
Let o = -1 - -4. Suppose 4 = -4*d, 3*d + 0*d + 3 = o*i. Suppose i = -2*y + y + 13. List the prime factors of y.
13
Let b = 37 + 31. List the prime factors of b.
2, 17
Let j be 4/(-8) - (-2)/4. Suppose -5*i + 0*i + 125 = j. What are the prime factors of i/2 - 1/2?
2, 3
Let a(y) = -y**2 + y + 313. What are the prime factors of a(0)?
313
Let g = 0 - 15. Let j = -3 - g. List the prime factors of j.
2, 3
Let r = 9 - 6. Suppose w = -r*s + 9, 6*s + 5*w + 3 = 3*s. What are the prime factors of s?
2
Let z be (-4)/(-3)*18/12. Suppose 5*m + 163 = 4*x, 3*x - x + z*m = 68. List the prime factors of x.
37
Let v(j) = -j**3 + 4*j + 2. Let c be 1 - (3 - -3) - -2. List the prime factors of v(c).
17
Let n(s) = s - 1. Suppose -2*g - 3*g + f + 8 = 0, -4*g + f = -6. Let a be (-1 + 3)/g + 7. List the prime factors of n(a).
7
Let n = 8 + -5. Suppose 0 = 3*j - 27 + 3. Suppose f + n = j. What are the prime factors of f?
5
Suppose 3*p = 8*p - 55. Suppose 4*t + p = 5*t. List the prime factors of t.
11
Let n(h) = 2*h**2 - 3*h + 3. Let d be n(2). Let c = d - 3. Suppose 3*g = 2*s - 12 - 28, 0 = -s - 4*g - c. List the prime factors of s.
2, 7
Suppose -1158 = -5*w - 68. List the prime factors of w.
2, 109
Let s = 239 - 145. Let z be s/18 - (-2)/(-9). Suppose 25 = z*d + 5. What are the prime factors of d?
2
Let m(p) be the second derivative of 11*p**5/20 - p**4/12 - p**3/6 + p**2/2 + p. Let l(i) = i**2 - 5*i + 5. Let d be l(4). What are the prime factors of m(d)?
2, 5
Suppose -b - 2*b - 12 = 0, 3*h = -2*b + 4. Let c(m) = 7*m - 6. Let n be c(h). Suppose 5*k = 38 + n. What are the prime factors of k?
2, 3
Let g(t) = t - 3. Let b be g(6). What are the prime factors of 3*(18/b)/2?
3
Let i(f) = 4*f + 4. What are the prime factors of i(7)?
2
Let y(u) = -u**2 + 3*u + 2. Let m be y(-4). Let l = -20 + 3. Let j = l - m. List the prime factors of j.
3
Suppose 103 - 31 = -4*v. Let x be (3/(-2))/(1/v). Let i = x - 16. What are the prime factors of i?
11
Let t(l) = -l + 1. Let n be t(-3). Suppose -2*w + 23 = -w + n*d, 10 = 5*w - d. What are the prime factors of w?
3
Suppose -c - c + 66 = 0. What are the prime factors of c?
3, 11
Let s(o) = -o**3 - 2*o**2 + 12*o - 12. What are the prime factors of s(-6)?
2, 3, 5
Suppose 2*x - 30 = 3*y, 20 = -4*y - y. Let m(g) = -g**2 + 6*g - 1. Let w be m(5). Suppose -w*n = -n - q - x, -3*n + 4*q = 0. What are the prime factors of n?
2
Let h(b) = b - 2. Let p be h(5). Suppose d = -4*d - 2*q + 102, p*q - 3 = 0. What are the prime factors of d?
2, 5
Let g(s) = -s**2 - 12*s + 13. Let h be g(-13). Suppose -4*t + 6 + 6 = h. Suppose i - 3*p - t = 2, 9 = i - p. List the prime factors of i.
11
Suppose 43 = 5*n - 0*n + 3*t, -2*t + 26 = 3*n. Let m = -11 + 9. Let a = m + n. What are the prime factors of a?
2, 3
Let v(z) = -14 - z + 12*z - z**2 + 1 + 0*z**2. What are the prime factors of v(9)?
5
Let w(n) be the third derivative of -n**4/24 - n**3/6 + n**2. List the prime factors of w(-5).
2
List the prime factors of (1 + -1)/2 + 35.
5, 7
Let k(p) = -2*p - 10. Let g be k(-7). List the prime factors of (-3 + g)*(2 - 0).
2
Suppose 103 = 4*f - 141. List the prime factors of f.
61
Let q(v) = -4*v + 3*v - 8 - v. What are the prime factors of q(-6)?
2
Suppose 0 = -3*u + 2*t + 149, t - 192 = -4*u - 3*t. Suppose 4*z + u = 2*a - 35, 51 = a - 5*z. List the prime factors of a.
2, 3
Suppose 3*t - 202 = -67. Let g = t + -32. List the prime factors of g.
13
Let w = 77 + -36. What are the prime factors of w?
41
Let v(b) = b - 8. Let w be v(-12). What are the prime factors of (-4)/10 + (-788)/w?
3, 13
Let d be 155/2 + (-1)/2. Let i = -52 + d. What are the prime factors of i?
5
Let t(m) = 2*m**2 - 3*m. Let f be t(2). Suppose -5*k + 6*u + 358 = 2*u, -f*u - 4 = 0. Suppose k = 5*o + s - 4*s, 0 = -5*s. What are the prime factors of o?
2, 7
Let t = -116 + 268. What are the prime factors of t?
2, 19
Let i = 43 - -66. What are the prime factors of i?
109
Let p = 76 - 33. Suppose -3*i + p + 44 = 0. What are the prime factors of i?
29
Suppose 2*a = 2*j - 1 + 3, -3*j + 13 = a. Suppose a*n = 20 - 4. List the prime factors of n.
2
Suppose 8 = 2*n - 30. Suppose 3*w + 2*y - 53 = 0, 2*w - 15 - n = -y. List the prime factors of w.
3, 5
Suppose 59 = h + 5*f, -f = 3*h - 0*f - 107. List the prime factors of h.
2, 17
Suppose 2*v + 1 - 13 = 0. List the prime factors of v.
2, 3
Let i(k) = -k**2 + 10*k + 13. Let p be i(11). List the prime factors of -4 + (p - -2 - -20).
2, 5
Let n be (-19 - -4)*(-5)/3. Suppose 2*w + 12 = -5*d + 57, w + 3*d - n = 0. List the prime factors of w.
2, 5
Suppose 3*v - 10 = -1. Let b(x) = 2*x**2 - x - 1. What are the prime factors of b(v)?
2, 7
What are the prime factors of (2 + -3)/(1/(-8))?
2
Suppose -5*j + 3 + 27 = 0. List the prime factors of j.
2, 3
Suppose -4*c - 31 = -3*p, 3*c + 0*c - 83 = -4*p. List the prime factors of p.
17
Let z(o) = 24*o. List the prime factors of z(8).
2, 3
Suppose 4*a - 61 = -17. What are the prime factors of (-522)/(-33) - (-2)/a?
2
Let n(d) be the first derivative of -13*d**4/2 + d**2 + d - 1. Let a be n(-1). Let z = -16 + a. List the prime factors of z.
3
Let k(u) = -u**2 + u + 13. Let f be k(0). Let b = 29 - f. List the prime factors of b.
2
Let v(i) = -6*i - 6. Let q be v(-5). Suppose -y + r = -4, -5*y + q = -2*r - 2*r. Suppose -4*l = -y - 8. What are the prime factors of l?
2
Let x = 6 - -47. Suppose -x = -2*c - 2*c + u, -4*c = 4*u - 28. List the prime factors of c.
2, 3
Let b(d) = d - 1. Let w be b(9). Let z(a) = a + 3. What are the prime factors of z(w)?
11
Let d(c) = c**2 + c + 57. What are the prime factors of d(-19)?
3, 7, 19
Let r be (6 - 3 - 3)*-1. Suppose 2 = v - r*v. Suppose -n = -v*n + 2. List the prime factors of n.
2
Let q be -1 + 4 + (-2 - -6). Let h(x) = 4*x - 7. List the prime factors of h(q).
3, 7
What are the prime factors of (56/2)/(2 - 1)?
2, 7
Let j be (2/4)/((-1)/10). Let r be (-3)/2*(-3 - j). List the prime factors of r - (-3 + (-18)/3).
2, 3
List the prime factors of -5 - (440/(-1) - -2).
433
Suppose 4*v = -4*u + 180, -2*u - 36 = -3*v + 2*v. What are the prime factors of v?
2, 3, 7
Let s = 37 + 69. What are the prime factors of s?
2, 53
Let q = 316 + -173. What are the prime factors of q?
11, 13
Let b be (0 - 0) + 5 + -15. What are the prime factors of (-156)/b + (-4)/(-10)?
2
Let f(r) = -9*r + 1. Let u be f(1). Let h be 31/2 - 4/u. Let z = 22 - h. What are the prime factors of z?
2, 3
Let a = -1 - -1. Suppose a = -3*q + 4*u - 37, -u - 2*u = q + 8. List the prime factors of (-2 - -3)/((-1)/q).
11
Let o(s) = -s**3 - 7*s**2 + 5*s + 7. List the prime factors of o(-8).
31
Suppose 4*b - 5*c = 240, -5*c = 2*b - 3*c - 102. Wha